 by f.
5
What is the remainder when 50 is divided by 26/(-13) + 20 + -1?
16
Suppose -x + 2*x - 31 = 0. Suppose 0*w - 5*z = -w + 36, -68 = -5*w - 3*z. What is the remainder when x is divided by w?
15
Let o be 3 - ((-3)/3 + 0). Suppose 0 = -4*c - 4*f + 24, -3 = -o*c - 2*f + 27. Calculate the remainder when 23 is divided by c.
5
Let p = -3 - -7. Calculate the remainder when 13 is divided by p.
1
Let x be 6/2 - (1 - 3). Let m be (4 + -3)/(2/4). Suppose 0 = 5*g + x*k - 40, -2*k = -k - m. Calculate the remainder when g is divided by 4.
2
Suppose -467 = -13*c + 547. What is the remainder when c is divided by 21?
15
Suppose -2*z - 2*s = -7*z + 5, 2*z + 2*s = 16. Suppose 3*x + 70 = 3*g + 7, g - 5 = -z*x. What is the remainder when -2*1/2 - -33 is divided by g?
15
Suppose 5*l - 33 = -4*g, 2*l - 12 - 18 = -3*g. What is the remainder when 45 is divided by g?
9
Suppose 0 = -4*t + 3*o + 1 + 4, t + 3*o - 5 = 0. Let v(u) = -2*u**3 - 4 + t*u**3 + 6*u**2 - u**3 + 10*u. What is the remainder when v(7) is divided by 9?
8
Suppose -5*u + 121 = -89. Calculate the remainder when 167 is divided by u.
41
Calculate the remainder when (-2)/3 - 654/(-9) is divided by 15.
12
Suppose 3*c = -4*h + 66, 4*h - 62 = 4*c - 9*c. Let r = -2 + h. Suppose 0 = -4*g + 45 - 9. What is the remainder when r is divided by g?
7
Let o = 1 + 1. Suppose -163 = -4*p - 3*j, -3*j - o = -5. Let u = 9 + p. Calculate the remainder when u is divided by 17.
15
Suppose 3*b = -3*h + 31 + 35, -h = 2*b - 44. What is the remainder when 65 is divided by b?
21
Suppose 0 = 14*k - 139 + 27. Calculate the remainder when (-25)/(-2) - 2/(-4) is divided by k.
5
Calculate the remainder when (-310)/(-18) + 4/(-18) is divided by 1 - 1/((-1)/8).
8
Suppose 5*w = 25, -31*w = -q - 26*w - 19. Let b(o) = 2*o**2 - 2*o - 1. Calculate the remainder when q is divided by b(2).
0
Let s = 21 + -10. Suppose s = 2*b - 9. Calculate the remainder when 28 is divided by b.
8
Suppose -5*r + 4*z = -47, -r - 3*z = -3*r + 23. What is the remainder when ((-4)/(-8))/(2/80) is divided by r?
6
Let l = 3 - -1. Let b(x) be the first derivative of 3*x**2/2 + 1. What is the remainder when b(5) is divided by l?
3
Let g(j) be the first derivative of j**4/4 + 16*j**3/3 + 13*j**2/2 - 19*j + 1. What is the remainder when g(-15) is divided by 5?
1
Let a = 24 - 40. Let s = -13 - a. What is the remainder when s is divided by 2?
1
Let v(k) = -12*k - 4. Calculate the remainder when v(-5) is divided by 12.
8
Suppose -i = -2 - 9. What is the remainder when 16 is divided by i?
5
Let g = 6 - 11. Let b(j) = 3*j**2 + 2*j - 4. Let i be b(g). Suppose -a + i = -2*n, 0*a + 4*a - 3*n - 244 = 0. What is the remainder when a is divided by 21?
19
Suppose 0 = 6*r - 10*r + 72. What is the remainder when r is divided by 10?
8
Let w be (305 - -1) + -1 - 1. Suppose w = 2*r + 2*r. What is the remainder when r is divided by 13?
11
Let q = 5 + 28. Calculate the remainder when q is divided by 9.
6
Suppose -5*h - 10 = 4*f + 1, -3*h + f - 10 = 0. Let d = h + 6. What is the remainder when 10 is divided by d?
1
What is the remainder when 111 is divided by ((-2)/10)/((-4)/380)?
16
Suppose -1309 = -5*f + a, -a = -3*f - f + 1048. Calculate the remainder when f is divided by 53.
49
Suppose -11 + 3 = -4*m. Suppose -3*r + m*s + 5 = 0, -2*s - 3*s + 22 = 4*r. Suppose -a - r = -14. What is the remainder when 19 is divided by a?
8
Let l(w) = w**2 - 9*w - 9. What is the remainder when l(-5) is divided by 9?
7
Let a be 2 + -4 - (2 - 2). Suppose -3*t + 46 = 1. Calculate the remainder when a/8 - (-234)/8 is divided by t.
14
What is the remainder when 4/(-8) - (-167)/2 is divided by 14?
13
Let r be (0 - 0)/(6/3). Let n = 0 - -11. Calculate the remainder when -2 + 0 - (r + -23) is divided by n.
10
Suppose 5*s = 11 + 9. What is the remainder when 10 is divided by s?
2
Let g(n) = n**2 - 11*n + 2. Let r be g(11). Calculate the remainder when 6/15*50/1 is divided by (7/r)/(3/6).
6
Let i(o) = 5*o**2 - 33*o - 9. Calculate the remainder when i(8) is divided by 12.
11
Let o(j) = -j. Let z be o(2). Let i be 0*((-6)/4 - z). Suppose -2*p + 6*p - 80 = i. What is the remainder when 58 is divided by p?
18
Suppose 3*x - 5*x - 6 = 0. Suppose -2*k - 2*u + 10 = 0, -7*u = 2*k - 3*u - 14. Calculate the remainder when 2/x*6/(-1) is divided by k.
1
Suppose 0 = 6*s - s - 130. Let m = 28 + 1. Suppose 5*r - 41 = m. What is the remainder when s is divided by r?
12
Let w = 30 + -14. Suppose 2*s + 2*r = -r + w, 4*r = -4*s + 36. What is the remainder when 32 is divided by s?
10
Let m = -25 + 43. Let n(j) = j**3 - 11*j**2 - 9*j - 3. Calculate the remainder when n(12) is divided by m.
15
Let k(t) = t - 2. Let s = -6 + 22. What is the remainder when s is divided by k(8)?
4
What is the remainder when (-4 - 0 - -65) + 4 is divided by 34?
31
Let g(m) = 2*m - 7. Let u = 65 + -45. What is the remainder when u is divided by g(9)?
9
Let k(b) = 2*b**2 + 5 - 4*b**2 - 9*b + b**2. Let x be k(-9). Suppose -2*t - 47 + x = -2*m, -3*m = 3*t - 45. Calculate the remainder when 52 is divided by m.
16
Suppose 2*u - 3*u + 40 = 0. Suppose 5*w - 17 = -5*v + 2*v, 0 = -v + 4*w + 34. What is the remainder when u is divided by v?
12
Let a(f) = f + 2. Let r(u) = u**2 - u + 2. Let q be r(0). Calculate the remainder when 11 is divided by a(q).
3
Suppose -6*u + 20 = -4. Suppose -u*n - 104 = -4*o, 0 = 4*n + 5 + 3. Calculate the remainder when 47 is divided by o.
23
Let x be -1*(0 - 0 - 3). Let k be 7*(-3)/(x - 6). Let t(o) = 2*o + 8. Calculate the remainder when t(k) is divided by 12.
10
Let w(q) = -12*q**2 - q + 6. Let c(d) = d**2 - 1. Let n(y) = -5*c(y) - w(y). What is the remainder when (-6)/(-8)*(17 - 1) is divided by n(1)?
5
Let y(h) = -h**3 + h**2 + 2*h - 40. Let s be y(0). Let f = -23 - s. What is the remainder when 33 is divided by f?
16
Suppose 67 = -5*h + 262. Let q = h - 27. Suppose -2*m + 4 + q = 0. What is the remainder when m is divided by 3?
2
Suppose -3*c - 2*l = l - 168, 2*c + 4*l = 112. Suppose -1 = -5*i + 5*j + 59, -j = 3*i - c. What is the remainder when 1 - -33 - (-2 + 3) is divided by i?
16
Suppose 5*b = -t + 4*t + 132, 0 = b - t - 28. What is the remainder when 46 is divided by b?
22
Let q(u) = 5*u - 5. Suppose -3*a - 352 = -4*z, 2*a - 212 = -2*z - 36. What is the remainder when z is divided by q(7)?
28
Suppose 5 = -q, 21 = 2*h - 4*q - 13. Calculate the remainder when 27 is divided by h.
6
Let i = 23 - 13. Suppose 4*y + 3*f - 15 = 0, -6*y - 3*f = -y - 21. Calculate the remainder when i is divided by y.
4
Let w(c) = c**3 - 9*c**2 - 5*c + 10. Suppose 3*k + 5 = l + 2, -4*l = 5*k - 46. Let h be w(l). Calculate the remainder when 52 is divided by (-21)/h - 87/(-5).
16
Let m(w) = -w**2 - 8*w. Let g be m(-7). Let f = g + 1. Calculate the remainder when f is divided by 3.
2
Let k(d) = -d**2 + 17*d + 2. Let j be k(17). Calculate the remainder when (2 - 7)/(j/(-4)) is divided by 6.
4
Suppose -4*z - z = -210. Calculate the remainder when z is divided by 11.
9
Let o be 132/(-5) - 4/(-10). Let j = o + 37. Calculate the remainder when 20 is divided by j/(2 + -2 + 1).
9
Let q = -60 + 131. Suppose -a + 0*a = -18. Calculate the remainder when q is divided by a.
17
Let o(r) = 2*r + 1. Let t be o(1). Suppose 4*y - 25 = -l + y, -3*l = -t*y - 15. What is the remainder when l is divided by (-2)/(-3)*(7 - 1)?
2
Suppose 0*t - t + 14 = 0. Calculate the remainder when 40 is divided by t.
12
Calculate the remainder when -3 + (-96)/(12/(-4)) is divided by 16.
13
Suppose -5*u + 18 = -52. Calculate the remainder when 25 is divided by u.
11
Let l = 6 + -2. Suppose -x = l*t - 38, 0 = -6*x + 2*x - t + 107. What is the remainder when 50 is divided by x?
24
Let f(s) = 2*s**2 - 3*s - 3. Let a(n) = n + 2. Let z be a(-4). What is the remainder when -2 + 34 - (-2)/(-2) is divided by f(z)?
9
Let m be ((-120)/(-18))/((-1)/(-3)). Let n = m + -12. What is the remainder when n is divided by 1*5*(-9)/(-15)?
2
Let f be 55/5*(1 - -7). Let p = 112 + -52. Let i = f - p. Calculate the remainder when i is divided by 10.
8
Let b(m) = m**2 + m - 2. Let q be (-1 + (-2 - -3))/(-2). Let w be b(q). Calculate the remainder when 17 is divided by (-18)/w*(-1 + 2).
8
Suppose -2*z - 4*n = -n - 32, 0 = 5*n - 20. Let y be 4/z - (-7)/(-5). What is the remainder when 31 is divided by y/(-6) - (-285